e 104 = -4*d + 5*d + 3*c, -208 = -2*d - 3*c. Suppose t = -3*w + d, 0*w + 2*t - 68 = -2*w. Is w a prime number?
False
Suppose -2*j - j - 3*d - 495 = 0, 0 = d + 2. Let y = 320 + j. Is y a prime number?
True
Suppose 0 = -2*y + 4*y - 94. Is -2*(-2 - -1)*y a prime number?
False
Let h be (7305/(-10))/(3/(-6)). Is h/7 - 2/(-7) prime?
False
Let d(r) = 5*r. Let q be d(-5). Let f = q - -46. Is f composite?
True
Let i(h) = h**3 - h**2 - h + 1490. Let g be i(0). Suppose -4*m + 722 + g = 0. Is m a prime number?
False
Let t be 4/(-6) - 88/12. Let m(p) = -p**2 - 7*p + 2. Let j be m(t). Let c(f) = f**3 + 5*f**2 - 9*f - 9. Is c(j) composite?
True
Suppose 5*g + 332 - 1027 = 0. Is g prime?
True
Let q(d) = -d - 4. Let i be q(-7). Is 26 - i/(2 + 1) a composite number?
True
Suppose 134 = o + 55. Is o composite?
False
Let t(l) = 20*l**3 - 1. Let r be t(1). Suppose 702 = 5*x + 2*b, -4*b - r = -3. Suppose 3*i = 433 - x. Is i a prime number?
True
Suppose -10 = 7*u - 2*u, -3*w - 4*u = -5110. Is w a prime number?
False
Suppose k - 828 = 271. Is k a composite number?
True
Let i(v) = -147*v + 28. Is i(-13) prime?
False
Suppose -v - v = -q - 531, 3*q = 5*v - 1328. Is v a composite number?
True
Suppose -5*y + v + 185 = 0, 5*y + 4*v = -v + 185. Is y composite?
False
Suppose l = -5*u + 3075 + 1686, 0 = 2*u + 4*l - 1890. Is u a prime number?
True
Suppose -4*p - 9 - 9 = -r, -5*p = 3*r + 14. Is (199 + 3)*3/r a composite number?
True
Is (-39140)/(-60) + ((-2)/6 - -1) a prime number?
True
Let y be 4*6*14/21. Let a = 37 - y. Is a prime?
False
Let x(g) = -g**2 - 2*g + 23. Let d be x(0). Let u = d - -23. Is u prime?
False
Suppose 0 = -0*h - h + 251. Is h a prime number?
True
Let f(l) = -2*l - 4. Let z be f(-5). Let q be ((-18)/(-4))/(3/z). Let p = q + -5. Is p composite?
True
Let y(w) = 85*w**3 - 2*w**2 + w. Let l be y(1). Suppose -2*t - 3*b = -39, -5*t + b + l = 4*b. Is t a composite number?
True
Suppose 8*v = 6*v + 358. Is v a composite number?
False
Let a(c) = c**2 + 5*c - 4. Let b be a(-6). Suppose -156 = -2*g - 5*t - 0*t, 0 = -b*g - 4*t + 156. Suppose 15 = 3*l - g. Is l prime?
True
Let s = -530 - -2307. Is s prime?
True
Let b(q) = 3*q - 59. Let d(f) = f**2 + f. Let x(a) = -b(a) + d(a). Is x(0) prime?
True
Let p be (-2)/6 - (-38)/6. Is (-10 - 0)/((-4)/p) a prime number?
False
Suppose -229 = -3*r - p, 2*r - 2*p = 3*p + 164. Is r prime?
False
Let t(u) = u + 4. Let r(a) = 3*a + 8. Let q(d) = -2*r(d) + 5*t(d). Let p be q(5). Is 2/(-2) - p - -7 composite?
False
Suppose 5*t = 7*t + 2. Is (-603)/(-36)*(3 - t) composite?
False
Suppose -8*m = -4*m - 12. Is 9/(m/1) + 142 prime?
False
Let z(v) = 10*v + 12. Let x be z(-6). Let h(q) = -61*q - 3. Let k be h(-2). Let o = k + x. Is o a prime number?
True
Let d = -451 - -641. Suppose -2*z = -7*z - d. Is (z/(-8))/(2/8) prime?
True
Suppose 6*i - i - 1030 = 5*g, -i = -3*g - 200. Is i a prime number?
False
Suppose 0 = -5*j + 5*g, g + 3 + 3 = 3*j. Suppose -j*w = 200 - 491. Is w prime?
True
Suppose k = -2*w - 2, 0*w + 8 = -3*w + k. Let m be w/(-4)*(2 + -2). Suppose 2*a - 66 = -m*a. Is a composite?
True
Suppose -2*r + r + 3 = 0. Let a(d) = 17*d - 2. Let b be a(r). Is 1/((-1 - -2)/b) composite?
True
Suppose -3*n = i + 3*i + 168, 5*i - 3*n + 210 = 0. Is (-93)/(-7) - (-12)/i a prime number?
True
Let x be (4/5 - 2)*-5. Let k be ((-4)/(-7))/(x/21). Suppose k*b + 4 = 18. Is b prime?
True
Suppose 4*c = -4*f, 0 = -4*c - 3*f + 4*f + 20. Suppose i + c = 18. Is i composite?
True
Let h = 10 - 5. Suppose 3 = -4*v + 5*c + 81, -h*c + 10 = 0. Is v a composite number?
True
Is (-5)/(25/(-115))*1 a composite number?
False
Let j(n) = 976*n + 67. Is j(16) a prime number?
True
Is -2*(762/4)/(-3) a prime number?
True
Let s = -31 + 70. Is s a prime number?
False
Suppose 80 - 2 = 2*z. Is z a prime number?
False
Let f(v) = -32*v**3 - v**2 + v - 1. Let m be f(1). Suppose 3*w = -3 - 3. Let r = w - m. Is r prime?
True
Let y be 254/5*120/12. Suppose m + 3*m = y. Is m a prime number?
True
Let r(z) = -1. Let y(w) = -3*w**2 + 9*w + 1. Let p(c) = -2*r(c) - y(c). Let x(l) = -2*l**3 - 2*l**2 - 2. Let f be x(-2). Is p(f) a prime number?
False
Suppose -32*i + 29*i = -2055. Is i a prime number?
False
Let c = -920 + 2965. Is c a composite number?
True
Let m(x) = -x**3 + 5*x**2 + 5*x + 7. Suppose 15 = 2*g + r - 2*r, 0 = r + 3. Let a be m(g). Let p(q) = 64*q**2 + 1. Is p(a) a prime number?
False
Let o = -46 - -184. Let l = 235 - o. Is l prime?
True
Let j = 360 + 208. Let m = j + -405. Is m prime?
True
Let z(b) = 41*b**2 - 3*b + 3. Is z(-3) a composite number?
True
Suppose -w + 4*h = 4*w - 30, 22 = w - 4*h. Suppose w*v = 3*l - 6*l + 349, 0 = -l + 2*v + 103. Is l prime?
True
Let z be (36/5)/(8/60). Let l = 164 - 79. Let r = l - z. Is r a composite number?
False
Is 4 + (-52278)/(-42) - (-2)/7 a composite number?
False
Let i be 2/(-5) - 34/(-10). Let c be (i/3*-1)/1. Is (-9)/6*c*10 composite?
True
Let d(z) = -2*z**3 + 35*z**2 - 10*z + 6. Is d(16) a composite number?
True
Suppose -4*t + 416 = t + 4*k, -k + 419 = 5*t. Suppose 0*p + t = 4*p. Is p composite?
True
Let t(u) = u + 123. Suppose 4*l - 1 = -3*i + 5*l, 0 = -4*i + 3*l + 3. Is t(i) prime?
False
Suppose 19*l = 12*l + 19789. Is l composite?
True
Suppose -3*k + 47 = -442. Is k a prime number?
True
Let t(l) be the first derivative of 4*l**2 - l + 1. Is t(4) composite?
False
Let b(r) be the first derivative of 19*r**3/3 + 4. Suppose 0 = -5*u - 4*n - 25, 4*u - 10 = -u + 3*n. Is b(u) a prime number?
True
Suppose r - 3*o = -58, -3*o + 8*o = r + 68. Let u = 90 - r. Is u composite?
True
Suppose 3*c - 2 = d, 5*d - c - 22 = -2*c. Suppose 3*z = -2*i + d*z + 443, -4*z - 211 = -i. Is i a composite number?
False
Let h(r) = 16*r - 3. Is h(9) a prime number?
False
Let f = -9 + 11. Let n(d) = 4*d**2 + 3. Is n(f) a prime number?
True
Let d be ((-6)/4)/((-15)/160). Suppose 4*l - d = -0*l. Suppose -2*b - l*s + 246 = 0, 0*s - 377 = -3*b - 2*s. Is b a composite number?
False
Let s(o) be the third derivative of o**8/2016 + o**7/1008 + o**6/360 + o**5/30 + 2*o**2. Let q(u) be the third derivative of s(u). Is q(-3) a prime number?
False
Let k(s) = -s**2 - 11*s - 6. Let a be k(-10). Suppose a*b + 0*b = 508. Is b composite?
False
Let k be 15/9*(-227 + -1). Let g = k - -774. Suppose 4*y - g = n - 129, 5*n = 5*y - 320. Is y a prime number?
True
Let p be ((-536)/(-10))/(8/40). Is (p/(-6))/((-4)/6) composite?
False
Let j = -26 - -133. Let h = -364 - -248. Let m = j - h. Is m a composite number?
False
Let d(r) = 5*r + 10 - 2*r - 4*r. Let h be d(0). Suppose h = 4*l - 3*l. Is l composite?
True
Suppose 0 = y - 4*y + 450. Suppose 4*a + 18 = y. Is a a prime number?
False
Let k(u) = u**2 + u. Let a(m) = -12*m**2 + 4*m - 1. Let s(t) = -a(t) + 2*k(t). Is s(1) composite?
False
Suppose 0 = 4*z - p - 15, z = 4*p + 5 + 10. Suppose 2*d = 5*x - 255, 0*d = -z*x + 3*d + 144. Is x composite?
False
Is 1642/(6*3/(-27)*-3) prime?
True
Let t(a) = -11*a - 4. Let w be t(-3). Let o = 31 + w. Suppose o = 4*v - 16. Is v a prime number?
True
Suppose -t - t + 656 = 3*w, 0 = 2*t + 5*w - 652. Is t a prime number?
True
Suppose -3*v + 1883 = -2*x, 2*v = -2*x + 6*x + 1242. Is v a composite number?
False
Let p(y) = y**3 + 14*y**2 + 3*y - 11. Suppose 2*x + 12 = -14. Is p(x) a composite number?
True
Suppose 4*q + 5164 = 8*q. Is q prime?
True
Suppose 7422 = v - 5885. Is v a composite number?
True
Let d(m) be the second derivative of 11*m**4/12 - 5*m**3/6 + 3*m**2/2 - 6*m. Is d(-4) prime?
True
Let o = 3 - 0. Let k = -1 + o. Suppose -k*y + 35 = 3*y. Is y prime?
True
Suppose 0 = j - 7 + 1. Let i be j/(-9)*(0 + -6). Let a = i + -1. Is a a prime number?
True
Suppose -j + 660 = 5*i, i - 172 = 2*j - 51. Is i prime?
True
Let u be (-568)/(-28) + (-4)/14. Suppose 1495 + u = 5*o. Let x = o - 206. Is x a prime number?
True
Let w(x) be the first derivative of 35*x**2/2 + 3*x + 1. Let b be w(-2). Let p = -48 - b. Is p prime?
True
Let l(a) = 210*a + 1. Let d = 21 - 20. Is l(d) composite?
False
Suppose -3*w + 8*w = 1675. Is w composite?
True
Is 27183/27 + 12/54 a composite number?
True
Let j(c) = c**2 + c + 15. Let i(d) = -d**3 + 4*d**2 - 2*d. Let x be i(4). Is j(x) prime?
True
Let m(l) = -l**3 + 8*l**2 + 13*l - 17. Is m(9) a composite number?
False
Suppose -2*b + 6*b = -260. Let x = 46 - 92. Let m = x - b. Is m a composite n